 z(u) = -2*u**2 - 25*u + 15. Give z(-13).
2
Let o(l) = l**2 + 5. Give o(0).
5
Let j(y) = -y**3 - 18*y**2 - 15*y + 29. Determine j(-17).
-5
Let w(k) = k**3 - 5*k**2 + 3*k - 13. Determine w(4).
-17
Let u(h) = -h**2 + 12*h - 7. Determine u(12).
-7
Let z(x) = -2*x**2 + x + 3. What is z(-3)?
-18
Let d(o) = o**3 + 24*o**2 + 2*o + 52. Calculate d(-24).
4
Let m(x) = -x**3 + 24*x**2 - 23*x + 5. Determine m(23).
5
Let n(i) = 5*i**2 + 2*i - 3. Calculate n(1).
4
Let v(f) = -4*f - 2. Give v(-5).
18
Let a(k) = 3*k**3 + 4*k**2 - 6. What is a(-3)?
-51
Let c(q) = q**3 - 2*q**2 - 5*q - 11. Calculate c(6).
103
Let t(u) = -2*u**3 + 4*u**2 - 3*u + 29. Give t(3).
2
Let s(c) = c**2 - 27*c - 65. Calculate s(29).
-7
Let c(v) = 4*v + 41. Give c(-13).
-11
Let t(g) = g**3 + 4*g**2 - 10*g - 13. Give t(-6).
-25
Let h(c) = -6*c + 9. Calculate h(7).
-33
Let g(p) = -3*p**2 - 25*p - 13. Determine g(-8).
-5
Let x(n) = -n**2 - 5*n + 13. Calculate x(-9).
-23
Let d(w) = -w**3 - 2*w**2 - w - 2. Calculate d(-3).
10
Let y(k) = k**3 - 15*k**2 - 12*k - 59. What is y(16)?
5
Let l(w) = -w**3 + 26*w**2 + 5*w - 137. What is l(26)?
-7
Let n(b) = -2*b**2 - 5*b + 3. Give n(-2).
5
Let p(f) = f**2 - 8*f + 24. Calculate p(6).
12
Let h(r) = -4*r**3 + r**2 + r + 1. Give h(-1).
5
Let g(z) = 4*z**2 - z. Give g(3).
33
Let u(l) = 4*l + 4. Give u(-2).
-4
Let h(p) = -3*p + 56. Calculate h(19).
-1
Let m(u) = -u**3 + 12*u**2 + 11*u + 25. What is m(13)?
-1
Let l(m) = -m**2 - 8*m + 17. Determine l(-10).
-3
Let u(m) = 35*m + 7. Give u(-4).
-133
Let f(p) = -p - 4. What is f(5)?
-9
Let u(j) = -j**2 - 8*j - 12. Calculate u(-8).
-12
Let o(q) = -q + 17. Give o(20).
-3
Let d(p) = 2*p**2 - 4*p - 1. Give d(2).
-1
Let n(f) = -f**2 + 22*f - 39. Give n(21).
-18
Let a(o) = -29*o**2 + 87*o. What is a(3)?
0
Let q(l) = l**2 - 9*l - 30. What is q(13)?
22
Let c(b) = b**2 - 16*b + 22. Give c(12).
-26
Let f(c) = c + 11. Give f(13).
24
Let k(c) = -c**2 - 19*c - 63. Calculate k(-14).
7
Let d(j) = -j**3 - 4*j**2 - 2*j + 8. Determine d(-5).
43
Let h(j) = 4*j + 13. What is h(-4)?
-3
Let b(d) = d**2 + 5*d + 11. Determine b(-11).
77
Let z(w) = -w - 8. What is z(7)?
-15
Let q(o) = -22*o - 1. Determine q(-1).
21
Let w(m) = 2*m**2 - 11*m - 16. What is w(0)?
-16
Let t(k) = -3*k - 13. Calculate t(-5).
2
Let l(y) = y**3 - 7*y**2 + 9*y - 59. Determine l(7).
4
Let q(l) = 9*l + 18. Determine q(-7).
-45
Let y(k) = 2*k**2 + k - 41. Give y(-6).
25
Let u(m) = -m**2 - 17*m - 22. Calculate u(-16).
-6
Let h(l) = -3*l - 34. What is h(-12)?
2
Let c(h) = 6*h - 7. Give c(-5).
-37
Let r(q) = -q**3 + 6*q**2 - q - 7. Give r(5).
13
Let k(l) = 39*l + 199. What is k(-5)?
4
Let q(k) = -70*k**2 + 2*k - 3. Determine q(1).
-71
Let g(s) = 4*s**3 - 2*s**2 - 3*s + 5. Calculate g(2).
23
Let i(g) = -2*g**2 + 13*g. Determine i(6).
6
Let p(d) = -3*d - 26. Calculate p(-9).
1
Let d(o) = -o**3 - o**2 + o - 5. What is d(0)?
-5
Let c(d) = -d**2 - 5*d + 11. Calculate c(2).
-3
Let q(j) = j - 105. Give q(0).
-105
Let l(v) = 2*v**2 - v. Calculate l(0).
0
Let s(p) = p**3 + 9*p**2 - p - 3. What is s(-9)?
6
Let x(u) = -2*u**3 - 29*u**2 + 8*u - 115. Calculate x(-15).
-10
Let w(q) = -2*q**2 + 5*q + 3. Determine w(3).
0
Let k(m) = -43*m + 8. Give k(2).
-78
Let f(x) = -x**3 + x + 8. Determine f(3).
-16
Let a(c) = -7*c + 10. Determine a(-13).
101
Let q(c) = -5*c. Give q(7).
-35
Let u(a) = -a**2 - 9*a - 9. What is u(-9)?
-9
Let o(s) = 3*s**2 - 37*s - 21. Calculate o(13).
5
Let t(m) = 13*m**2 + 41*m + 10. Give t(-3).
4
Let i(g) = -g**2 - 15*g + 10. What is i(-16)?
-6
Let a(x) = -2*x - 16. Give a(-9).
2
Let x(s) = -s - 12. What is x(5)?
-17
Let r(d) = -8*d - 67. Give r(-11).
21
Let o(s) = -52*s + 2187. Calculate o(42).
3
Let m(j) = -8*j + 88. What is m(12)?
-8
Let b(v) = -2*v - 14. Give b(-4).
-6
Let p(x) = -5*x - 37. Determine p(-7).
-2
Let o(t) = -t**3 + t**2 - 3*t - 4. What is o(-2)?
14
Let m(p) = -26*p - 2. Give m(1).
-28
Let f(d) = 14*d - 27. Calculate f(-7).
-125
Let v(i) = -4*i + 15. What is v(7)?
-13
Let s(m) = -3*m + 11. Determine s(7).
-10
Let r(u) = -31*u + 164. What is r(5)?
9
Let h(g) = g**2 - 12*g - 11. Calculate h(12).
-11
Let k(l) = l**3 - 26*l**2 + 146*l - 30. What is k(18)?
6
Let k(l) = -l - 3. Determine k(17).
-20
Let n(y) = -2*y**3 + 5*y**2 - 13*y + 2. Calculate n(2).
-20
Let w(b) = b**2 + 9*b + 20. Calculate w(-6).
2
Let t(a) = a**3 - 12*a**2 + 12*a + 11. What is t(11)?
22
Let x(f) = 2*f**2 - 18*f + 17. Determine x(1).
1
Let g(p) = 3*p - 42. What is g(10)?
-12
Let p(q) = q**2 - 8*q - 3. Determine p(6).
-15
Let w(b) = -b + 27. Determine w(0).
27
Let s(h) = 12*h + 186. Calculate s(0).
186
Let o(k) = k**3 - 5*k**2 - 7*k + 14. Calculate o(6).
8
Let z(d) = d**2 - 6*d - 6. What is z(7)?
1
Let d(h) = h**3 - 7*h**2 - 20*h + 16. Calculate d(9).
-2
Let b(m) = -m**2 + 17*m - 10. Calculate b(0).
-10
Let d(y) = 7*y - 35. What is d(11)?
42
Let v(g) = g**3 - 2*g**2 + 5*g - 11. Calculate v(3).
13
Let p(z) = z**3 - 6*z**2 + 4*z - 12. Determine p(6).
12
Let s(n) = -14*n**2 - 6*n - 2. Determine s(-2).
-46
Let q(c) = -14*c + 1. What is q(1)?
-13
Let r(x) = 2*x + 1. Calculate r(2).
5
Let l(g) = -16*g - 2. Give l(-3).
46
Let v(k) = k**3 + 7*k**2 + 7*k + 7. What is v(-6)?
1
Let b(o) = 10*o + 302. Determine b(-30).
2
Let f(l) = -l**2 + 11*l - 16. Calculate f(11).
-16
Let j(x) = -x**3 - 10*x**2 + 21*x + 119. What is j(-11)?
9
Let x(b) = b**2 + 10*b - 1. Give x(-6).
-25
Let q(g) = -35*g + 4. What is q(1)?
-31
Let u(a) = a + 5. Calculate u(-5).
0
Let s(t) = -t**3 - 44*t**2 + 4*t + 178. Calculate s(-44).
2
Let v(t) = t**2 - 20*t + 30. Determine v(18).
-6
Let k(h) = -2*h - 2. Calculate k(1).
-4
Let b(q) = q**3 - 24*q**2 + 25*q - 50. What is b(23)?
-4
Let t(y) = -61*y**3 - y**2 + 5*y + 4. Give t(-1).
59
Let l(i) = 7*i**3 + 22*i**2 - 2*i + 6. Give l(-3).
21
Let t(a) = 8*a - 3. Give t(3).
21
Let a(z) = -z**2 + 17*z - 13. Give a(7).
57
Let u(q) = q**3 + 12*q**2 + 7. Determine u(-12).
7
Let v(j) = 13*j**2 - 2*j. Give v(-1).
15
Let s(l) = 5*l**2 - 2*l - 2. What is s(3)?
37
Let y(r) = -r**3 - 9*r**2 - 9*r - 8. Give y(-7).
-43
Let g(p) = -2*p**2 + 8*p - 5. What is g(4)?
-5
Let r(b) = -5*b - 28. Give r(-9).
17
Let w(p) = p**3 + 17*p**2 - 3. Give w(-17).
-3
Let h(q) = -2*q**2 + q - 8. Determine h(6).
-74
Let q(v) = -v**3 - 19*v**2 + 23*v - 1. Calculate q(-20).
-61
Let p(a) = -2*a - 20. What is p(-12)?
4
Let b(s) = 8*s + 122. Determine b(-11).
34
Let t(m) = m**2 - 10*m - 234. Determine t(-12).
30
Let j(v) = 5*v**3 - 35*v**2 + 2*v - 12. Determine j(7).
2
Let p(v) = v**2 - 6*v - 2. What is p(7)?
5
Let t(m) = m**2 - 10*m + 15. Determine t(7).
-6
Let s(v) = -v**3 - 5*v**2 + 6*v - 1. Calculate s(-6).
-1
Let f(x) = x**3 - 22*x**2 + x - 22. Give f(22).
0
Let k(f) = -f - 9. Give k(-1).
-8
Let c(a) = 5*a + 12. Calculate c(-1).
7
Let l(f) = -f**3 - 8*f**2 - f + 5. Give l(-5).
-65
Let q(l) = -3*l - 4. What is q(-7)?
17
Let j(y) = y**2 - 19*y - 34. Give j(18).
-52
Let n(q) = -q**3 - 3*q**2 - 5*q - 7. Determine n(-2).
-1
Let o(s) = -s**3 + 12*s**2 - 14*s + 29. Calculate o(11).
-4
Let n(i) = 2*i**2 - 5*i + 3. Determine n(3).
6
Let r(a) = a**2 + 2*a - 79. Calculate r(8).
1
Let t(y) = y**2 + 23*y + 75. Calculate t(-19).
-1
Let f(q) = 6*q - 38. Give f(6).
-2
Let r(k) = -33*k**2 + k. Calculate r(1).
-32
Let p(q) = -q**2 + 8*q - 15. What is p(10)?
-35
Let i(a) = -2*a**3 + 2*a**2 - 3. Give i(2).
-11
Let f(m) = m**2 - 42*m - 37. What is f(43)?
6
Let h(a) = -13*a + 26. Calculate h(4).
-26
Let h(m) = -m**2 - 5*m + 5. What is h(-9)?
-31
Let z(u) = 9*u + 32. What is z(-7)?
-31
Let m(w) = -4*w + 87. Calculate m(23).
-5
Let c(d) = 2*d**2 + 9*d + 9. Calculate c(-6).
27
Let l(d) = d**3 - 20*d**2 - d + 28. Determine l(20).
8
Let a(n) = n**3 - 46*n**2 - 311*n - 54. Determine a(52).
-2
Let b(j) = -j**2 + 35*j - 291. Give b(21).
3
Let f(r) = -r + 4. Give f(-7).
11
Let s(v) = -v**3 - 8*v**2 - v - 10. Determine s(-8).
-2
Let b(a) = 36*a - 185. Give b(5).
-5
Let q(s) = -s**2 - 30*s - 77. Calculate q(-28).
-21
Let c(g) = -g**3 - 32*g**2 - 28. Determine c(-32).
-28
Let x(q) = q**3 - 3*q**2 + 3*q. Give x(3).
9
Let n(v) = -2*v + 24. Calculate n(10).
4
Let b(a) = -3*a - 28. Calculate b(-13).
11
Let m(d) = d**2 - 5*d + 9. What is m(4)?
5
Let p(x) = -3*x + 12. Give p(-10).
42
Let s(u) = -2*u**2 - 6*u - 2. Determine s(-4).
-10
Let a(t) = -t**3 - 